s - 1800 + 114. What is the tens digit of s?
8
Suppose -2*o + o + 8 = -2*k, -2*o - 3*k = -2. What is the units digit of o?
4
Let t = 8 - 7. Let b(j) = -6*j + t - j - 6*j. What is the tens digit of b(-1)?
1
Let u(h) = -4*h**2 + 2 + 3 - 6*h + 3*h**2. Let c be -1 + -5 - (-3 - -3). What is the units digit of u(c)?
5
Let c = -637 - -941. What is the hundreds digit of c?
3
Let r(h) = -h**2 - 23*h + 6. What is the tens digit of r(-12)?
3
Let t = -173 - -259. What is the tens digit of t?
8
Suppose 4*v = 3*v - 1. What is the units digit of 22 + -5 - (v + -1)?
9
Let j(v) = 2*v + 6. Let p be j(6). Let f = 5 - p. Let a = f + 19. What is the units digit of a?
6
What is the tens digit of (-4)/10 - (-2254)/10?
2
Let g = -69 - -280. What is the hundreds digit of g?
2
Let p(y) = 2*y - 1. Let d(w) = -w**2 - 5*w - 2. Let r be d(-4). Let m be p(r). Suppose m*o + h - 24 = 29, -59 = -4*o + h. What is the units digit of o?
6
Suppose 7 = 2*z - 5*j, -3*j = z - 2*z + 2. Let d = -26 + 31. Suppose d*h - 34 = z. What is the units digit of h?
9
Suppose t = -3*q + 150, 10*t + 2*q + 406 = 13*t. What is the hundreds digit of t?
1
Let f(q) = 2*q + 10. Let n be f(-7). Let p be (-1)/(-2) - (-46)/(-4). Let s = n - p. What is the units digit of s?
7
Let g(v) = v**2 - 2*v - 4. Let n be g(-2). Suppose n*b - 11 = 9. What is the units digit of b?
5
What is the tens digit of 10 - 11 - (-80 + 1)?
7
Let t(q) = q**2 - 2*q + 34. What is the tens digit of t(0)?
3
Suppose m + t + 3*t - 18 = 0, 0 = 2*t + 6. Let c be (12/(-10))/((-9)/m). Suppose -c*r + i + 33 = 0, 2*r + 0*i - 13 = -3*i. What is the units digit of r?
8
Let i be 2 + 0 + (1 - 0). Suppose 5*k - i*k = 20. What is the tens digit of k?
1
Let a = 40 - -8. What is the tens digit of a?
4
Let i = 174 + -75. What is the units digit of i?
9
Let u(m) = 7*m**2 + 2*m + 3. Suppose v = 2 - 4. What is the units digit of u(v)?
7
Let w = 88 - 21. What is the tens digit of w?
6
Let m(f) be the first derivative of f**4/4 - 2*f**3 - 5*f**2/2 - 4*f - 1. Suppose -15 = -a + 4*d, -4*d + 6 = 2*a - 0. What is the units digit of m(a)?
0
Suppose -4*p = -4, 2*p = 5*n - 13 - 5. Suppose f + n*f + 80 = 0. What is the units digit of 27/(-6)*f/6?
2
Suppose -3*m = -2*m - 8. Let f = -4 + m. What is the units digit of f?
4
Suppose 21 = 4*j + 5. Suppose -z = 5*t + 5, 4*t = z - 9 - j. Let u = z + -4. What is the units digit of u?
1
Let r(f) be the second derivative of -f**3/6 - 7*f**2/2 + 2*f. Let h be r(-10). Suppose -h*c = -2*t + 3, -t + c = -c + 1. What is the units digit of t?
9
Let m = 84 + -49. What is the units digit of m?
5
Let b(o) = -o**3 - 6*o**2 - 4*o - 5. Let r be b(-5). What is the tens digit of r/(-35) + (-96)/(-7)?
1
Let v be (-3)/(-18) - 2/12. What is the units digit of (3 + v)/12*4?
1
Suppose -2*b + b - 7 = 0. What is the tens digit of 3/6*-4*b?
1
Let w(t) = -15*t. What is the tens digit of w(-15)?
2
Let v(q) = -q**3 + 6*q**2 - 3*q + 1. Let i be v(2). Suppose 2*z + i = -49. What is the units digit of (1 - 0) + z/(-6)?
6
Suppose m + m - 14 = 2*i, 2*m - 5*i - 20 = 0. Let s = -10 - -18. Suppose m*y - 3*h - 25 = 0, 3*y + h + s = 23. What is the units digit of y?
5
Let n = 8 + -5. Let z(q) = 2*q**3 - q + 0 + q**2 + 10 - q**n - 2*q**2. What is the units digit of z(0)?
0
Suppose 0 = -5*i - 42 + 302. What is the tens digit of i?
5
Let c = -17 - -9. Let n(z) = z**2 + 8*z - 7. Let m be n(c). What is the units digit of (-5 - m)/((-4)/(-18))?
9
Suppose 0 = z - 3*z. What is the units digit of 0 + -1 + z - -9?
8
Suppose 4*a + 67 = 11. Suppose 6*q - 118 - 56 = 0. Let g = a + q. What is the units digit of g?
5
Let v = 105 - 62. What is the tens digit of v?
4
Let o(m) = 4*m**3 + 5*m**2 - 6*m + 3. What is the hundreds digit of o(3)?
1
Let d(b) = -4*b + 3. What is the units digit of d(-4)?
9
Suppose 3*o + 0*o - 219 = 0. What is the tens digit of o?
7
Let m(r) = r**2 + 8*r - 48. What is the tens digit of m(-15)?
5
Suppose r + 41 = 5*t, 0*t + 5*t + 3*r - 37 = 0. Let a = t + -4. What is the units digit of a?
4
Let o be (4/5)/(1/5). Suppose 5*z + 0*z + 5*m - 40 = 0, -67 = -o*z + 3*m. What is the tens digit of z?
1
What is the tens digit of (-2586)/(-66) - 4/22?
3
Let y(a) = a**3 + 4*a**2 + a - 2. Let m be y(-3). Let f = m + 0. What is the units digit of -2 + -3 + 2 + f?
1
Let f(k) = -k**2 - k + 5. Let y be -8*(6/4 - 2). Let c be f(y). What is the units digit of (8/5)/((-3)/c)?
8
Let p(z) = z + 1. Suppose 5*q = -4*r - 8, 5*r + 3*q + 6 = -4. Let j(b) = -b**2 - 9*b - 10. Let w(o) = r*p(o) - j(o). What is the units digit of w(-6)?
2
Let y be 10/(-8) - (-2)/8. Let p = 2 + y. Suppose -3*f + p + 2 = 0. What is the units digit of f?
1
Let r = -16 + 20. What is the units digit of r?
4
Suppose -2*b - 4*w + 26 = 0, -4*b - 3*w = -0*b - 47. Suppose -12*h + 28 = -b*h. What is the units digit of h?
8
What is the tens digit of 948/16 + (-3)/12?
5
Suppose -11*j = -6*j - 1135. What is the units digit of j?
7
Let n = 0 - -4. Let b = n - 2. What is the units digit of b?
2
Let w(v) be the first derivative of 2*v**3/3 - 4*v**2 + 3*v + 3. Let g be w(5). Let t = g - 7. What is the units digit of t?
6
Suppose 188 = 2*r + r - 2*n, 0 = -4*r + 2*n + 252. What is the units digit of r?
4
Suppose 5*v - 12 = 2*v. Suppose 5*s - 5*x + 25 = -0*x, -2*x + 10 = -5*s. Suppose 0 = -s*a - v*a + 16. What is the units digit of a?
4
Let h(x) be the second derivative of x**5/20 + 5*x**4/6 + x**3/6 + 6*x**2 + 3*x. What is the units digit of h(-10)?
2
Let a = 52 + -12. What is the units digit of a?
0
Let l(z) be the third derivative of z**4/12 + z**3 + 2*z**2. Let w be l(-10). Let v = -3 - w. What is the tens digit of v?
1
Suppose -10*r + 5*r = 20. Let n(f) = -13*f - 5. What is the tens digit of n(r)?
4
Let v be (-2 - -3) + -3 + 2. Suppose 0*d - 4*d = v. Suppose -h + 5 = -d*h. What is the units digit of h?
5
Suppose -4*l + 12 = -2*q + 6*q, 0 = 3*q + 6. Suppose -l*j + 0*j + 90 = 0. What is the tens digit of j?
1
Let g(n) = -n + 5. Let t(y) = -2*y + 4. Let q(h) = 3*g(h) - 2*t(h). What is the units digit of q(-3)?
4
Let d = 11 + -28. Let i = d + 32. What is the units digit of i?
5
Let z(n) = n**2 - 4*n + 4. Let c be z(4). Suppose 5*l = c*l + 18. What is the tens digit of l?
1
Let k(n) = -n**3 + 3*n**2 - n. Let g be k(2). What is the units digit of (3/6)/(1/g)?
1
Let s be (18/(-8))/(2/8). What is the units digit of (s/(-6))/((-2)/(-4))?
3
Let b(x) = -x**2 + 2*x - 7. Let h be b(5). Let d = 1 - h. What is the units digit of d?
3
Suppose -2*t + 2 = -10. What is the tens digit of 156/9 + 4/t?
1
What is the units digit of 27 + (2/(-3))/(4/6)?
6
Let q(p) = -p**2 - 6*p + 4. Let u be q(-7). What is the tens digit of -3*(u - 5/3)?
1
Suppose -25 = -5*q - 0. Suppose -q*c = 5*o - 15, c - 4*c + 5 = o. Suppose -r - 11 = -o*r. What is the units digit of r?
1
Let v be (-2 - -1)*(-2 - -5). Suppose -n = -3*w + 19, 5*w - 3*n - 27 = -6*n. What is the units digit of (-1 - 0) + v + w?
2
Let x be (57/4)/(2/(-16)). Let g = x + 161. What is the tens digit of g?
4
Suppose o + 5*r - 8 = 0, 0*o - 4*r = -3*o - 52. Let n = 0 - o. What is the tens digit of n?
1
Suppose 2*g + 2*g = 124. What is the tens digit of g?
3
Let d = 9 + -5. Suppose a - 175 = -d*a. What is the units digit of (-4)/(-14) + 130/a?
4
Suppose 10 = 2*q, h + q - 3 = 3. What is the units digit of ((-64)/40)/(h/(-20))?
2
Suppose 5 = -5*f - 5, -2*a + 2*f = -58. What is the tens digit of a?
2
Let s(d) = -d**2 - 2*d**3 - 7 + d**3 - 8*d**2 + 2*d**2 - 9*d. Let u be (-6)/(0 + -2 + 3). What is the units digit of s(u)?
1
Let k(q) = -7*q + 2. Let c be k(-3). Suppose -87 + c = -4*b. What is the units digit of b?
6
Suppose 11 = m - 5*n, 0 = -2*m + 6*m + 2*n - 88. What is the tens digit of m?
2
Let n be -2*((-39)/6 - -2). Let v = -1 - -6. Let x = n - v. What is the units digit of x?
4
Let h(a) = -a + 14. Let z be h(11). Suppose -4*p + 4*v + 88 = 0, p + 4*v - 112 = -z*p. What is the units digit of p?
5
Let j be (-1 + 3 - 0) + 1. Suppose 3*a - 24 = -j*o, 6*o = -a + o + 12. What is the units digit of a?
7
Suppose 3*b = -2*w + 10, -b = 2*w - 4*w + 2. Let i be w/(-6) + (-31)/(-3). What is the units digit of 2*-1*i/(-4)?
5
Let d be -2*(3/6 + -1). What is the units digit of 2*d/(-2)*-11?
1
Let b(k) = -k + 10. Let i be b(14). Let z = i + 22. What is the tens digit of z?
1
Suppose -f = 2*m - 1, -3 - 1 = 4